 -t**3 - 9*t**2 + 7. Let o be g(-9). Suppose o = b + 5. Suppose 0 = -a - a + b*k + 8, 0 = -a - 2*k - 11. Let l(z) = -2*z - 1. Calculate l(a).
1
Let u(x) = 5*x. Let h be 6/24 + 13/(-4). Let k(a) = -4*a + 1. Let m(o) = h*k(o) - 2*u(o). What is m(7)?
11
Let k(n) = n**3 + 7*n**2 + 6*n + 9. Let d = -14 - -14. Suppose d = 2*l - 5*l + 9. Suppose -4*z + 9 - l = -h, 2*h = 5*z - 12. What is k(h)?
9
Let k(v) = -83*v + 159*v - 78*v - 4. Give k(0).
-4
Let f(m) = -m**3 - 6*m**2 + 7. Suppose -2*x = -x - 4. Suppose x*a = -18 - 6. Give f(a).
7
Let r(z) be the first derivative of z**3/3 + z**2/2 + z - 46. Give r(-2).
3
Let l = 76 - 75. Let b be (-3 + 3)*(0 - (2 - l)). Let c(a) = -a**2 - a + 3. Calculate c(b).
3
Let d(q) = q**2 - 2*q - 7. Suppose -r + 14 = -5*h + 34, 5*h = -r + 30. What is d(r)?
8
Suppose -21 = 771*k - 764*k. Suppose 12 + 6 = -2*w. Let f be (k/w - -2)*3. Let r(p) = -p**2 + 5*p + 10. Give r(f).
-4
Let c be 2494/638 - 2/(-22). Let a(f) be the first derivative of 1/4*f**c - 3/2*f**2 - f - 7 + 0*f**3. Calculate a(-2).
-3
Let q(l) = -l**2 - 8*l + 10. Let t(g) = g**3 - 5*g**2 - 8*g + 4. Let s be t(6). Determine q(s).
10
Suppose 5*s = -5*s - 1270. Let z = -126 - s. Let u(g) = -17*g. What is u(z)?
-17
Suppose 2 = n + 2*p - 5, -n + 2*p - 13 = 0. Let f = 5 + n. Let h be f*-1*(-6)/3. Let k(z) = -2*z - 4. Give k(h).
-12
Let j(a) be the second derivative of -2/3*a**3 + 0*a**2 - 1/3*a**4 - 21*a + 0 - 1/20*a**5. Let v(o) = o**2 - 5*o + 1. Let b be v(4). Determine j(b).
3
Let z = -29 + 35. Let r(n) = 1 - z + 1 + n - n**2 + 1. Let f(k) = 2*k - 9. Let b be f(6). Calculate r(b).
-9
Let p(g) = -5 - 2*g**2 + 4 + 7*g + 7*g**2 - g**3. Let f be (2 - (4 + 0)) + 8. Suppose -2*s - 26 = -f*n + 2*n, s - 5 = -n. Calculate p(n).
5
Suppose -5*z - 15 = 0, -5*l + z + z = -96. Let s(d) = l + 17 + d**2 - 31 + 5*d. Let j(n) = n - 10. Let q be j(5). Determine s(q).
4
Let a(k) be the third derivative of -k**6/120 - k**5/12 - k**4/6 + 2*k**3/3 + 33*k**2. Calculate a(-4).
4
Let j(i) = -3*i - 6. Let a(y) = y - 1. Let g(d) = 3*a(d) - j(d). Let n(l) = 13*l + 7. Let p(v) = 9*g(v) - 4*n(v). What is p(-4)?
-9
Let q(d) be the second derivative of d**5/20 + d**4/3 - d**3/6 - 5*d**2/2 - 5*d + 5. Suppose 0 = -2*m + 7*m - 40. Suppose f = -f - m. Determine q(f).
-1
Let r(m) = 2*m - 13. Let z(c) = -4 + 2*c + c + 2*c - 4*c. Let f(k) = -2*r(k) + 7*z(k). Calculate f(5).
13
Let g(a) = 7 + 5 - a + 0*a. Let r be g(8). Suppose -5*t = -2*t - r*k - 13, 5*k - 4 = -3*t. Let n(c) = c**3 - 4*c**2 + 2*c + 4. Calculate n(t).
1
Let v(i) = i**3 - 3*i**2 + i. Suppose -2*l + 6 = -10. Suppose -2*k + l = -4*k. Let p be (-20)/k + (0 - 2). Give v(p).
3
Let g(j) = 3*j - 284*j**2 + 844*j**2 - 274*j**2 - 277*j**2. Determine g(-1).
6
Let c(r) = -r**2 - 2*r + 4. Let t(k) = -k. Let p = -14 + 17. Let l be t(p). Determine c(l).
1
Let t(f) = -f**2 - 7*f - 2. Let o(b) = 6*b + 2. Let z(u) = 3*o(u) + 2*t(u). Let h(c) be the first derivative of z(c). Calculate h(3).
-8
Let p(s) = -s**3 + 4*s**2 - 3*s + 4. Let g(c) = 5*c - 1. Let a be g(1). Suppose 3*t + u = 13 + 2, -a*u + 16 = t. Give p(t).
-8
Suppose -14 = 3*z - 5*l, 20 = 2*z + 7*l - 3*l. Let p(s) = -4 + 3 + 2*s**3 - 981*s**2 + 979*s**2. Determine p(z).
7
Let h(z) = z**2 - 9*z - 7. Let o be 10/70 - (-76)/7. Calculate h(o).
15
Let o(y) be the second derivative of 1/2*y**2 + 0*y**3 + 21*y + 0 - 1/12*y**4. Let n be 6/(-9)*6/(-4). Determine o(n).
0
Let f(t) = -t**2 + 6*t + 7. Let p(a) = 7*a**3 - a**2 - 8*a. Let r(n) = 6*n**3 - 8*n - 1. Let v(j) = -5*p(j) + 6*r(j). Let i be v(-6). Give f(i).
7
Let v = -59 + 58. Let n(q) = 4*q**3 - q**2 + q - 1. Let z be n(1). Let d(j) = -z*j + 10*j + 3*j. What is d(v)?
-10
Let g(l) = l**3 + 4*l**2 - 5*l + 6. Let w = -26 - -23. Let i be (w + 7/2)*-10. Give g(i).
6
Let d(n) = 4*n - 8*n + 0 + 2*n - 6*n**2 - 1. Let b(c) = c**2 + 2*c. Let q be b(-2). Suppose q = -2*t - 0*t - 2. What is d(t)?
-5
Let w(j) = -3*j + 2. Let f = -424 - -431. Calculate w(f).
-19
Suppose 0*q - 37 = -3*o + q, 0 = 2*o + 4*q - 20. Let g(n) = -o - 2 + 4 + 2*n + 2*n. Calculate g(4).
6
Suppose h - 3*h = -2. Let a be (-5 - h)*(-2)/6. Let j(m) = -2*m**2 + 2*m + 2*m**2 + a*m**2 - 1 + 7*m**2. Give j(1).
10
Let g = -428 + 426. Let n(x) = -6*x. What is n(g)?
12
Suppose 2*y = -3*o - y + 15, 4*o - 5*y - 11 = 0. Suppose h + 6 = -4*u - 0, -4*u - 16 = -4*h. Let s(q) = -75*q**h - 1 - 3 + 4*q + 74*q**2. Give s(o).
-4
Let g(b) = b**2 + b + 1. Let t be g(-2). Suppose -1 = q + n - 4, 5*q = n + t. Let d(l) = -6*l**2 + 1. Determine d(q).
-5
Let r(c) = -c - 3. Suppose 0 = -18*b + 18. Let n(u) = u + 1. Let z(f) = b*r(f) - 3*n(f). Let m be -4 - (-1 - (0 - 1)). What is z(m)?
10
Let n(h) = h**3 + 10*h**2 - 12*h - 4. Suppose -4*p + 3*t = -7*p - 30, -4*t - 7 = p. Calculate n(p).
7
Suppose 0 = 21*k - 28*k - 7. Suppose 3*u = -2*v, 2 + 3 = u - v. Let d(m) = -2*m**u + 12*m**2 + m**2. Calculate d(k).
11
Let b = -45 + 46. Let d be (-7)/(-21) + (b - (-10)/6). Let l(a) = a**2 + a - 2. Determine l(d).
10
Let h(y) = 18*y - 336. Let k be h(19). Let i(d) = -d**2 + 6*d - 3. Determine i(k).
-3
Let i(u) = -2*u + 6. Let q(n) = 4*n - 39. Let p be q(11). Determine i(p).
-4
Let w(d) be the third derivative of d**9/20160 + d**8/20160 - d**6/720 + d**5/30 + 10*d**2. Let n(x) be the third derivative of w(x). Calculate n(-1).
-3
Let y(b) = -b + 2*b - 7 - 5 - 3*b. Suppose c = -4*p - 21, -24*p - 12 = 3*c - 29*p. Calculate y(c).
6
Suppose -2*s + 18 = 4*m, -9*s + 13*s = 2*m - 4. Let q(z) = -z**2 - z - 3. Let n(t) = -4*t**2 - 3*t - 9. Let o(b) = 2*n(b) - 7*q(b). Determine o(m).
-9
Suppose 190*n = 191*n - 5. Let b(v) = v**3 - 5*v**2 - 4. Calculate b(n).
-4
Let h(f) = -f**3 - 3*f**2 + f + 3. Suppose 3*r + n + 0 = -5, r = -2*n. Calculate h(r).
-3
Let y be (-1 - 4)*(-2)/(-5). Let q(n) be the third derivative of n**4/12 - n**3/3 + 652*n**2. Calculate q(y).
-6
Let c(z) be the second derivative of -z**4/12 + 5*z**3/6 + 7*z**2/2 - 2*z + 1. Let l = -8 - -11. Let a = l - -3. What is c(a)?
1
Suppose -5*t + 17 = -3*n + n, 2*n + 12 = 4*t. Let f be 84/10 - 2/t. Let d = f - 2. Let y(w) = w**2 - 7*w + 2. Determine y(d).
-4
Let t(u) = 33*u - 1. Let z be t(3). Let p = z + -94. Let n(o) = -o**3 + 6*o**2 + 8*o + 5. Let l(q) = -q**2 - q - 1. Let h(d) = -3*l(d) - n(d). Calculate h(p).
-6
Let o(f) = 5*f**3 - f**2. Suppose 2 = t - 4*q - 4, -7 = -5*t - 3*q. Suppose 3*w + 4*d - 21 = -5, 7 = t*w - d. Suppose 0 = 4*s - 0 + w. Determine o(s).
-6
Suppose -3*h = -h + 2*m - 20, 2*h - 4 = 2*m. Let f(c) = c**3 - 8*c**2 + 10*c + 5. Let s be f(h). Let a(k) = k + 11. Calculate a(s).
4
Let v(b) be the first derivative of -b**5/20 - 5*b**4/12 - 2*b**3/3 - 2*b**2 + 15*b - 5. Let k(c) be the first derivative of v(c). Determine k(-4).
-4
Let s(x) = 5*x - 1. Let o = -28 - 0. Let t = 42 + o. Let c = t + -15. Calculate s(c).
-6
Let v(f) = -2*f + 22. Let b = 1205 + -1198. Calculate v(b).
8
Suppose 3*a + 13 + 2 = 0. Let t(l) = -26*l**2 - 31*l**2 + l**3 + 6*l - 6 + 63*l**2. Give t(a).
-11
Let s(f) be the third derivative of -f**5/60 + f**4/24 - 14*f**2. Suppose 0 = -3*b - 3 + 9. Calculate s(b).
-2
Let s(n) = -n**3 - 5*n**2 - 6*n - 3. Let q be (-11)/33 + 14/6. Suppose q = 2*y - 3*z - 5, 0 = 3*y + 2*z + 22. Give s(y).
5
Suppose -4*t + 5*s + 37 = 0, 2*s + 0 = -2*t - 4. Let z(f) = 7*f + t*f + 23 - 22. Determine z(-2).
-19
Let g(c) = -c**2 - 19*c + 27. Suppose a - 5*k + 20 = 0, 0 = -14*k + 10*k. Give g(a).
7
Let j = -69 + 117. Let g be ((-108)/j)/(6/(-16)). Let y(o) = -g*o + 15*o - 7*o + 6. What is y(-5)?
-4
Let b(v) = -3*v + 1. Let x(l) be the first derivative of -1 + 1/3*l**3 - 2*l + 3/2*l**2. Let o be x(-4). Calculate b(o).
-5
Let d(u) = u - u - 6 + 2*u - 4*u. Let o be -7 - (-4 + 6/2). What is d(o)?
6
Let s(o) = -o + 9. Let y(g) = 3*g**2 - 38*g - 21. Let w be y(13). What is s(w)?
17
Let y = -4 - -3. Suppose 16 + 2 = 6*s. Let k(x) = 6*x - 2*x**2 - 7*x + 2*x**3 + 2*x**3 + s*x**3. Calculate k(y).
-8
Let z(j) be the first derivative of j**3 + 3*j**2/2 + 3*j + 9. Give z(-2).
9
Suppose -f + 2*f = -5*f. Suppose 5*p - 4*m + 0*m - 45 = f, 3*p - 2*m = 25. Let s(u) = u - 7. Give s(p).
-2
Let w(i) = -i - 13. Let a be w(-9). Let k(n) = 2*n + 8. Let t be k(a). Let v(j) = -j + 3*j**3 - 2 - 2 - 4*j**3 + j**2 + t*j**3. Determine v(0).
-4
Let l(p) = -p - 8. Let y(c) = -c**2 - 3*c - 4. Let u be y(-5). Le